{"id":168,"date":"2024-11-10T15:05:45","date_gmt":"2024-11-10T14:05:45","guid":{"rendered":"https:\/\/a-jmotorsport.com\/?page_id=168"},"modified":"2024-11-10T17:10:29","modified_gmt":"2024-11-10T16:10:29","slug":"autres-services","status":"publish","type":"page","link":"https:\/\/a-jmotorsport.com\/?page_id=168","title":{"rendered":"Autres services"},"content":{"rendered":"\n<div class=\"wp-block-columns is-layout-flex wp-container-core-columns-is-layout-28f84493 wp-block-columns-is-layout-flex\">\n<div class=\"wp-block-column is-vertically-aligned-center is-layout-flow wp-block-column-is-layout-flow\" style=\"flex-basis:33.33%\">\n<figure class=\"wp-block-image aligncenter size-full\"><img loading=\"lazy\" decoding=\"async\" width=\"573\" height=\"402\" src=\"https:\/\/a-jmotorsport.com\/wp-content\/uploads\/2024\/11\/Capture-decran-2024-11-10-143355.png\" alt=\"\" class=\"wp-image-172\" srcset=\"https:\/\/a-jmotorsport.com\/wp-content\/uploads\/2024\/11\/Capture-decran-2024-11-10-143355.png 573w, https:\/\/a-jmotorsport.com\/wp-content\/uploads\/2024\/11\/Capture-decran-2024-11-10-143355-300x210.png 300w\" sizes=\"auto, (max-width: 573px) 100vw, 573px\" \/><figcaption class=\"wp-element-caption\">Article et image issus de www.vroomly.fr<\/figcaption><\/figure>\n<\/div>\n\n\n\n<div class=\"wp-block-column is-layout-flow wp-block-column-is-layout-flow\" style=\"flex-basis:66.66%\">\n<h2 class=\"wp-block-heading\">Embrayage<\/h2>\n\n\n\n<p>Le kit d&#8217;embrayage est un ensemble de pi\u00e8ces m\u00e9caniques qui permettent de s\u00e9parer la bo\u00eete de vitesses et le moteur pour passer les vitesses et d\u00e9marrer votre v\u00e9hicule. La rotation du moteur est transmise \u00e0 l&#8217;embrayage par le biais du volant moteur.<\/p>\n\n\n\n<p>C&rsquo;est lorsque vous appuyez sur la p\u00e9dale d&#8217;embrayage que vous s\u00e9parez les diff\u00e9rents \u00e9l\u00e9ments du kit d&#8217;embrayage pour passer vos rapports. Le kit d&#8217;embrayage se compose d&rsquo;une but\u00e9e d&#8217;embrayage, d&rsquo;un disque d&#8217;embrayage et d&rsquo;une but\u00e9e d&#8217;embrayage.<\/p>\n\n\n\n<p>On appelle aussi cet ensemble le diaphragme.<\/p>\n\n\n\n<h3 class=\"wp-block-heading\">Le m\u00e9canisme d\u2019embrayage, ou plateau<\/h3>\n\n\n\n<p>Le m\u00e9canisme d\u2019embrayage est \u00e9galement connu sous le nom de plateau. Il permet de rapprocher le disque d\u2019embrayage et le volant moteur.<\/p>\n\n\n\n<p>Cette pi\u00e8ce est compos\u00e9e d\u2019un diaphragme en forme de c\u00f4ne avec des fentes radiales : ce sont ses doigts. Elles agissent ensemble pour former le ressort d\u2019embrayage et fonctionner comme un levier.<\/p>\n\n\n\n<h3 class=\"wp-block-heading\">Le disque d\u2019embrayage<\/h3>\n\n\n\n<p>Le disque d\u2019embrayage, fabriqu\u00e9 en t\u00f4le, repose sur un plateau d\u2019appui qui est reli\u00e9 au vilebrequin. C\u2019est sur celui-ci que viennent se fixer les garnitures.<\/p>\n\n\n\n<h3 class=\"wp-block-heading\">La but\u00e9e<\/h3>\n\n\n\n<p>La but\u00e9e d\u2019embrayage se situe apr\u00e8s la fourchette d&#8217;embrayage. C\u2019est un levier qui est actionn\u00e9 par le c\u00e2ble de l\u2019embrayage.<\/p>\n\n\n\n<p>C\u2019est la fourchette d\u2019embrayage qui actionne la but\u00e9e. Lorsque la fourchette est command\u00e9e par la p\u00e9dale, elle exerce une pression sur la but\u00e9e d&#8217;embrayage qui appuie ainsi sur le m\u00e9canisme d\u2019embrayage. Cela lib\u00e8re le disque qui relie le volant moteur et la bo\u00eete : c\u2019est le d\u00e9brayage.<\/p>\n\n\n\n<h2 class=\"wp-block-heading\" style=\"font-size:clamp(15.747px, 0.984rem + ((1vw - 3.2px) * 0.86), 24px);\">Le volant moteur<\/h2>\n\n\n\n<p>Le volant moteur a plusieurs fonctions. Il participe \u00e0 la transmission de la rotation depuis le moteur jusqu&rsquo;aux roues, mais il joue \u00e9galement un r\u00f4le tr\u00e8s important dans l&#8217;embrayage. Il r\u00e9gule aussi la rotation du moteur et il assiste le d\u00e9marrage. Ce sont en effet les dents du volant moteur qui servent \u00e0 entra\u00eener le d\u00e9marreur.<\/p>\n\n\n\n<p>Il existe deux types de volant moteur : le volant moteur rigide et le volant moteur bi-masse. Le volant moteur rigide a \u00e9t\u00e9 utilis\u00e9 sur tous les v\u00e9hicules avant l\u2019arriv\u00e9e du volant moteur bi-masse. Il est compos\u00e9 d\u2019un seul disque fixe et stable, viss\u00e9 au bout du vilebrequin. Sa conception est relativement simple et il a une excellente dur\u00e9e de vie.<\/p>\n\n\n\n<p>Le volant moteur bi-masse, lui, se compose de 2 parties, ou masses. C\u2019est un ensemble de ressorts accompagn\u00e9s de roulements \u00e0 billes et de taquets, qui permettent de relier la premi\u00e8re masse \u00e0 la transmission du v\u00e9hicule et la seconde au vilebrequin.<\/p>\n<\/div>\n<\/div>\n\n\n\n<div class=\"wp-block-columns is-layout-flex wp-container-core-columns-is-layout-28f84493 wp-block-columns-is-layout-flex\">\n<div class=\"wp-block-column is-layout-flow wp-block-column-is-layout-flow\" style=\"flex-basis:66.66%\">\n<h2 class=\"wp-block-heading\">Bras de suspension<\/h2>\n\n\n\n<p>Le bras de suspension est la pi\u00e8ce auto qui relie le ch\u00e2ssis de la voiture \u00e0 la roue. On le retrouve g\u00e9n\u00e9ralement au niveau du train avant de la voiture. En effet, c&rsquo;est le silentbloc qui assure la liaison du bras de suspension c\u00f4t\u00e9 ch\u00e2ssis et la rotule de suspension c\u00f4t\u00e9 roue.<\/p>\n\n\n\n<p>Ainsi, c&rsquo;est gr\u00e2ce au bras de suspension avant et arri\u00e8re que votre voiture poss\u00e8de une bonne tenue de route. Les bras de suspension doivent donc \u00eatre suffisamment solides pour r\u00e9sister aux chocs et aux imperfections de la route. C&rsquo;est pour cette raison qu&rsquo;ils sont g\u00e9n\u00e9ralement compos\u00e9s en fonte, en aluminium ou en acier.<\/p>\n\n\n\n<p>Il existe deux types de bras de suspension : le triangle de suspension et le bras de suspension McPherson.<\/p>\n\n\n\n<p>En r\u00e9alit\u00e9, le triangle de suspension n&rsquo;est qu&rsquo;un type de bras de suspension. En effet, il s&rsquo;agit d&rsquo;un bras de suspension poss\u00e9dant deux points de fixation du c\u00f4t\u00e9 du ch\u00e2ssis, ce qui lui donne sa forme triangulaire.<\/p>\n\n\n\n<p>Le triangle de suspension est g\u00e9n\u00e9ralement oppos\u00e9 au bras de suspension de McPherson qui est plus \u00e9conomique mais qui offre une moins bonne pr\u00e9cision sur la g\u00e9om\u00e9trie des roues. On retrouve g\u00e9n\u00e9ralement le bras de suspension classique sur les v\u00e9hicules d&rsquo;entr\u00e9e de gamme et le triangle de suspension sur les voitures plus haut de gamme ou plus puissantes.<\/p>\n<\/div>\n\n\n\n<div class=\"wp-block-column is-vertically-aligned-center is-layout-flow wp-block-column-is-layout-flow\" style=\"flex-basis:33.33%\">\n<figure class=\"wp-block-image size-full\"><img loading=\"lazy\" decoding=\"async\" width=\"514\" height=\"419\" src=\"https:\/\/a-jmotorsport.com\/wp-content\/uploads\/2024\/11\/Capture-decran-2024-11-10-144953-1.png\" alt=\"\" class=\"wp-image-174\" srcset=\"https:\/\/a-jmotorsport.com\/wp-content\/uploads\/2024\/11\/Capture-decran-2024-11-10-144953-1.png 514w, https:\/\/a-jmotorsport.com\/wp-content\/uploads\/2024\/11\/Capture-decran-2024-11-10-144953-1-300x245.png 300w\" sizes=\"auto, (max-width: 514px) 100vw, 514px\" \/><figcaption class=\"wp-element-caption\">Article issu de www.vroomly.fr<\/figcaption><\/figure>\n<\/div>\n<\/div>\n\n\n\n<div class=\"wp-block-buttons is-content-justification-center is-layout-flex wp-container-core-buttons-is-layout-a89b3969 wp-block-buttons-is-layout-flex\">\n<div class=\"wp-block-button is-style-outline is-style-outline--1\"><a class=\"wp-block-button__link wp-element-button\" href=\"https:\/\/a-jmotorsport.com\/?page_id=143\">Retour sur la liste<\/a><\/div>\n<\/div>\n","protected":false},"excerpt":{"rendered":"<p>Embrayage Le kit d&#8217;embrayage est un ensemble de pi\u00e8ces m\u00e9caniques qui permettent de s\u00e9parer la bo\u00eete de vitesses et le moteur pour passer les vitesses et d\u00e9marrer votre v\u00e9hicule. La rotation du moteur est transmise \u00e0 l&#8217;embrayage par le biais du volant moteur. C&rsquo;est lorsque vous appuyez sur la p\u00e9dale d&#8217;embrayage que vous s\u00e9parez les &hellip; <\/p>\n<p class=\"link-more\"><a href=\"https:\/\/a-jmotorsport.com\/?page_id=168\" class=\"more-link\">Lire la suite de<span class=\"screen-reader-text\">\u00ab\u00a0Autres services\u00a0\u00bb<\/span><\/a><\/p>\n","protected":false},"author":1,"featured_media":0,"parent":0,"menu_order":0,"comment_status":"closed","ping_status":"closed","template":"","meta":{"footnotes":""},"class_list":["post-168","page","type-page","status-publish","hentry"],"featured_media_urls":[],"_links":{"self":[{"href":"https:\/\/a-jmotorsport.com\/index.php?rest_route=\/wp\/v2\/pages\/168","targetHints":{"allow":["GET"]}}],"collection":[{"href":"https:\/\/a-jmotorsport.com\/index.php?rest_route=\/wp\/v2\/pages"}],"about":[{"href":"https:\/\/a-jmotorsport.com\/index.php?rest_route=\/wp\/v2\/types\/page"}],"author":[{"embeddable":true,"href":"https:\/\/a-jmotorsport.com\/index.php?rest_route=\/wp\/v2\/users\/1"}],"replies":[{"embeddable":true,"href":"https:\/\/a-jmotorsport.com\/index.php?rest_route=%2Fwp%2Fv2%2Fcomments&post=168"}],"version-history":[{"count":6,"href":"https:\/\/a-jmotorsport.com\/index.php?rest_route=\/wp\/v2\/pages\/168\/revisions"}],"predecessor-version":[{"id":256,"href":"https:\/\/a-jmotorsport.com\/index.php?rest_route=\/wp\/v2\/pages\/168\/revisions\/256"}],"wp:attachment":[{"href":"https:\/\/a-jmotorsport.com\/index.php?rest_route=%2Fwp%2Fv2%2Fmedia&parent=168"}],"curies":[{"name":"wp","href":"https:\/\/api.w.org\/{rel}","templated":true}]}}