{"id":143,"date":"2024-11-10T12:54:04","date_gmt":"2024-11-10T11:54:04","guid":{"rendered":"https:\/\/a-jmotorsport.com\/?page_id=143"},"modified":"2025-03-10T16:14:18","modified_gmt":"2025-03-10T15:14:18","slug":"liste-des-services","status":"publish","type":"page","link":"https:\/\/a-jmotorsport.com\/?page_id=143","title":{"rendered":"Liste des services"},"content":{"rendered":"\n<div class=\"wp-block-group alignfull pattern_multiple_covers has-background has-global-padding is-layout-constrained wp-block-group-is-layout-constrained\" id=\"services\" style=\"background-color:#f8f8f8\">\n<p class=\"has-text-align-left has-text-color\" style=\"color:#8b58c7;letter-spacing:1px;text-transform:uppercase\"><\/p>\n\n\n\n<div class=\"wp-block-columns is-layout-flex wp-container-core-columns-is-layout-28f84493 wp-block-columns-is-layout-flex\">\n<div class=\"wp-block-column is-layout-flow wp-block-column-is-layout-flow\" style=\"padding-top:0;padding-right:0;padding-bottom:0;padding-left:0\">\n<div class=\"wp-block-cover has-custom-content-position is-position-bottom-left\" style=\"padding-top:var(--wp--preset--spacing--small);padding-right:var(--wp--preset--spacing--x-small);padding-bottom:var(--wp--preset--spacing--small);padding-left:var(--wp--preset--spacing--x-small)\"><span aria-hidden=\"true\" class=\"wp-block-cover__background has-primary-background-color has-background-dim-70 has-background-dim\"><\/span><img loading=\"lazy\" decoding=\"async\" width=\"720\" height=\"899\" class=\"wp-block-cover__image-background wp-image-63\" alt=\"\" src=\"http:\/\/a-jmotorsport.com\/wp-content\/uploads\/2024\/11\/Capture-decran-2024-09-30-163807.jpg\" data-object-fit=\"cover\" srcset=\"https:\/\/a-jmotorsport.com\/wp-content\/uploads\/2024\/11\/Capture-decran-2024-09-30-163807.jpg 720w, https:\/\/a-jmotorsport.com\/wp-content\/uploads\/2024\/11\/Capture-decran-2024-09-30-163807-240x300.jpg 240w\" sizes=\"auto, (max-width: 720px) 100vw, 720px\" \/><div class=\"wp-block-cover__inner-container is-layout-flow wp-block-cover-is-layout-flow\">\n<h3 class=\"wp-block-heading has-white-color has-text-color has-medium-font-size\" style=\"margin-top:0;margin-right:0;margin-bottom:0;margin-left:0\">Entretien<\/h3>\n\n\n\n<p class=\"has-text-color has-link-color wp-elements-c566a43c5135996f20ee745682305189\" style=\"color:#8b58c7;margin-top:0;margin-right:0;margin-bottom:0;margin-left:0\"><a href=\"http:\/\/a-jmotorsport.com\/?page_id=116\">En savoir plus \u2192<\/a><\/p>\n<\/div><\/div>\n<\/div>\n\n\n\n<div class=\"wp-block-column is-layout-flow wp-block-column-is-layout-flow\" style=\"padding-top:0;padding-right:0;padding-bottom:0;padding-left:0\">\n<div class=\"wp-block-cover has-custom-content-position is-position-bottom-left\" style=\"padding-top:var(--wp--preset--spacing--small);padding-right:var(--wp--preset--spacing--x-small);padding-bottom:var(--wp--preset--spacing--small);padding-left:var(--wp--preset--spacing--x-small)\"><span aria-hidden=\"true\" class=\"wp-block-cover__background has-primary-background-color has-background-dim-70 has-background-dim\"><\/span><img loading=\"lazy\" decoding=\"async\" width=\"1200\" height=\"800\" class=\"wp-block-cover__image-background wp-image-64\" alt=\"\" src=\"http:\/\/a-jmotorsport.com\/wp-content\/uploads\/2024\/11\/media-meilleures-quelles.jpg\" data-object-fit=\"cover\" srcset=\"https:\/\/a-jmotorsport.com\/wp-content\/uploads\/2024\/11\/media-meilleures-quelles.jpg 1200w, https:\/\/a-jmotorsport.com\/wp-content\/uploads\/2024\/11\/media-meilleures-quelles-300x200.jpg 300w, https:\/\/a-jmotorsport.com\/wp-content\/uploads\/2024\/11\/media-meilleures-quelles-1024x683.jpg 1024w\" sizes=\"auto, (max-width: 1200px) 100vw, 1200px\" \/><div class=\"wp-block-cover__inner-container is-layout-flow wp-block-cover-is-layout-flow\">\n<h3 class=\"wp-block-heading has-white-color has-text-color has-medium-font-size\" style=\"margin-top:0;margin-right:0;margin-bottom:0;margin-left:0\">Pneumatique<\/h3>\n\n\n\n<p class=\"has-text-color has-link-color wp-elements-360ef591c0c50048a4dd3ed95611d353\" style=\"color:#8b58c7;margin-top:0;margin-right:0;margin-bottom:0;margin-left:0\"><a href=\"https:\/\/a-jmotorsport.com\/?page_id=134\">En savoir plus \u2192<\/a><\/p>\n<\/div><\/div>\n<\/div>\n\n\n\n<div class=\"wp-block-column is-layout-flow wp-block-column-is-layout-flow\" style=\"padding-top:0;padding-right:0;padding-bottom:0;padding-left:0\">\n<div class=\"wp-block-cover has-custom-content-position is-position-bottom-left\" style=\"padding-top:var(--wp--preset--spacing--small);padding-right:var(--wp--preset--spacing--x-small);padding-bottom:var(--wp--preset--spacing--small);padding-left:var(--wp--preset--spacing--x-small)\"><span aria-hidden=\"true\" class=\"wp-block-cover__background has-primary-background-color has-background-dim-70 has-background-dim\"><\/span><img loading=\"lazy\" decoding=\"async\" width=\"386\" height=\"250\" class=\"wp-block-cover__image-background wp-image-65\" alt=\"\" src=\"http:\/\/a-jmotorsport.com\/wp-content\/uploads\/2024\/11\/pollution-particules-dekra.jpg\" style=\"object-position:12% 47%\" data-object-fit=\"cover\" data-object-position=\"12% 47%\" srcset=\"https:\/\/a-jmotorsport.com\/wp-content\/uploads\/2024\/11\/pollution-particules-dekra.jpg 386w, https:\/\/a-jmotorsport.com\/wp-content\/uploads\/2024\/11\/pollution-particules-dekra-300x194.jpg 300w\" sizes=\"auto, (max-width: 386px) 100vw, 386px\" \/><div class=\"wp-block-cover__inner-container is-layout-flow wp-block-cover-is-layout-flow\">\n<h3 class=\"wp-block-heading has-white-color has-text-color has-medium-font-size\" style=\"margin-top:0;margin-right:0;margin-bottom:0;margin-left:0\">Contr\u00f4le technique<\/h3>\n\n\n\n<p class=\"has-text-color has-link-color wp-elements-7aa4cfed3240e2f9b5cdc4b2b3caa0da\" style=\"color:#8b58c7;margin-top:0;margin-right:0;margin-bottom:0;margin-left:0\"><a href=\"https:\/\/a-jmotorsport.com\/?page_id=123\" data-type=\"link\" data-id=\"https:\/\/a-jmotorsport.com\/?page_id=123\">En sa<\/a><a href=\"https:\/\/a-jmotorsport.com\/?page_id=123\">voir plus \u2192<\/a><\/p>\n<\/div><\/div>\n<\/div>\n<\/div>\n\n\n\n<div class=\"wp-block-columns is-layout-flex wp-container-core-columns-is-layout-28f84493 wp-block-columns-is-layout-flex\">\n<div class=\"wp-block-column is-layout-flow wp-block-column-is-layout-flow\" style=\"padding-top:0;padding-right:0;padding-bottom:0;padding-left:0\">\n<div class=\"wp-block-cover has-custom-content-position is-position-bottom-left\" style=\"padding-top:var(--wp--preset--spacing--small);padding-right:var(--wp--preset--spacing--x-small);padding-bottom:var(--wp--preset--spacing--small);padding-left:var(--wp--preset--spacing--x-small)\"><span aria-hidden=\"true\" class=\"wp-block-cover__background has-primary-background-color has-background-dim-70 has-background-dim\"><\/span><img loading=\"lazy\" decoding=\"async\" width=\"591\" height=\"770\" class=\"wp-block-cover__image-background wp-image-145\" alt=\"\" src=\"https:\/\/a-jmotorsport.com\/wp-content\/uploads\/2024\/11\/Capture-decran-2024-11-10-124724.png\" data-object-fit=\"cover\" srcset=\"https:\/\/a-jmotorsport.com\/wp-content\/uploads\/2024\/11\/Capture-decran-2024-11-10-124724.png 591w, https:\/\/a-jmotorsport.com\/wp-content\/uploads\/2024\/11\/Capture-decran-2024-11-10-124724-230x300.png 230w\" sizes=\"auto, (max-width: 591px) 100vw, 591px\" \/><div class=\"wp-block-cover__inner-container is-layout-flow wp-block-cover-is-layout-flow\">\n<h3 class=\"wp-block-heading has-white-color has-text-color has-medium-font-size\" style=\"margin-top:0;margin-right:0;margin-bottom:0;margin-left:0\">Suspension<\/h3>\n\n\n\n<p class=\"has-text-color has-link-color wp-elements-4c158310ec282ef6a6c947c7c503fa7a\" style=\"color:#8b58c7;margin-top:0;margin-right:0;margin-bottom:0;margin-left:0\"><a href=\"https:\/\/a-jmotorsport.com\/?page_id=153\">En savoir plus \u2192<\/a><\/p>\n<\/div><\/div>\n<\/div>\n\n\n\n<div class=\"wp-block-column is-layout-flow wp-block-column-is-layout-flow\" style=\"padding-top:0;padding-right:0;padding-bottom:0;padding-left:0\">\n<div class=\"wp-block-cover has-custom-content-position is-position-bottom-left\" style=\"padding-top:var(--wp--preset--spacing--small);padding-right:var(--wp--preset--spacing--x-small);padding-bottom:var(--wp--preset--spacing--small);padding-left:var(--wp--preset--spacing--x-small)\"><span aria-hidden=\"true\" class=\"wp-block-cover__background has-primary-background-color has-background-dim-70 has-background-dim\"><\/span><img loading=\"lazy\" decoding=\"async\" width=\"600\" height=\"756\" class=\"wp-block-cover__image-background wp-image-146\" alt=\"\" src=\"https:\/\/a-jmotorsport.com\/wp-content\/uploads\/2024\/11\/Capture-decran-2024-11-10-125136.png\" data-object-fit=\"cover\" srcset=\"https:\/\/a-jmotorsport.com\/wp-content\/uploads\/2024\/11\/Capture-decran-2024-11-10-125136.png 600w, https:\/\/a-jmotorsport.com\/wp-content\/uploads\/2024\/11\/Capture-decran-2024-11-10-125136-238x300.png 238w\" sizes=\"auto, (max-width: 600px) 100vw, 600px\" \/><div class=\"wp-block-cover__inner-container is-layout-flow wp-block-cover-is-layout-flow\">\n<h3 class=\"wp-block-heading has-white-color has-text-color has-medium-font-size\" style=\"margin-top:0;margin-right:0;margin-bottom:0;margin-left:0;text-transform:capitalize\">\u00e9chappement<\/h3>\n\n\n\n<p class=\"has-text-color has-link-color wp-elements-3da1dd8556f60c0f0368747cd98f2ea9\" style=\"color:#8b58c7;margin-top:0;margin-right:0;margin-bottom:0;margin-left:0\"><a href=\"https:\/\/a-jmotorsport.com\/?page_id=162\">En savoir plus \u2192<\/a><\/p>\n<\/div><\/div>\n<\/div>\n\n\n\n<div class=\"wp-block-column is-layout-flow wp-block-column-is-layout-flow\" style=\"padding-top:0;padding-right:0;padding-bottom:0;padding-left:0\">\n<div class=\"wp-block-cover has-custom-content-position is-position-bottom-left\" style=\"padding-top:var(--wp--preset--spacing--small);padding-right:var(--wp--preset--spacing--x-small);padding-bottom:var(--wp--preset--spacing--small);padding-left:var(--wp--preset--spacing--x-small)\"><span aria-hidden=\"true\" class=\"wp-block-cover__background has-primary-background-color has-background-dim-70 has-background-dim\"><\/span><img loading=\"lazy\" decoding=\"async\" width=\"673\" height=\"826\" class=\"wp-block-cover__image-background wp-image-147\" alt=\"\" src=\"https:\/\/a-jmotorsport.com\/wp-content\/uploads\/2024\/11\/Capture-decran-2024-11-10-125010.png\" data-object-fit=\"cover\" srcset=\"https:\/\/a-jmotorsport.com\/wp-content\/uploads\/2024\/11\/Capture-decran-2024-11-10-125010.png 673w, https:\/\/a-jmotorsport.com\/wp-content\/uploads\/2024\/11\/Capture-decran-2024-11-10-125010-244x300.png 244w\" sizes=\"auto, (max-width: 673px) 100vw, 673px\" \/><div class=\"wp-block-cover__inner-container is-layout-flow wp-block-cover-is-layout-flow\">\n<h3 class=\"wp-block-heading has-white-color has-text-color has-medium-font-size\" style=\"margin-top:0;margin-right:0;margin-bottom:0;margin-left:0\">Autres services<\/h3>\n\n\n\n<p class=\"has-text-color has-link-color wp-elements-dcffd5622339fa599a8e599b882f219c\" style=\"color:#8b58c7;margin-top:0;margin-right:0;margin-bottom:0;margin-left:0\"><a href=\"#\">En sa<\/a><a href=\"https:\/\/a-jmotorsport.com\/?page_id=123\">v<\/a><a href=\"https:\/\/a-jmotorsport.com\/?page_id=168\">oir plus \u2192<\/a><\/p>\n<\/div><\/div>\n<\/div>\n<\/div>\n\n\n\n<div class=\"wp-block-columns is-layout-flex wp-container-core-columns-is-layout-28f84493 wp-block-columns-is-layout-flex\">\n<div class=\"wp-block-column is-layout-flow wp-block-column-is-layout-flow\" style=\"padding-top:0;padding-right:0;padding-bottom:0;padding-left:0\">\n<div class=\"wp-block-cover has-custom-content-position is-position-bottom-left\" style=\"padding-top:var(--wp--preset--spacing--small);padding-right:var(--wp--preset--spacing--x-small);padding-bottom:var(--wp--preset--spacing--small);padding-left:var(--wp--preset--spacing--x-small)\"><span aria-hidden=\"true\" class=\"wp-block-cover__background has-primary-background-color has-background-dim-70 has-background-dim\"><\/span><img loading=\"lazy\" decoding=\"async\" width=\"1179\" height=\"2556\" class=\"wp-block-cover__image-background wp-image-291\" alt=\"\" src=\"https:\/\/a-jmotorsport.com\/wp-content\/uploads\/2025\/03\/IMG_3402.png\" style=\"object-position:49% 52%\" data-object-fit=\"cover\" data-object-position=\"49% 52%\" srcset=\"https:\/\/a-jmotorsport.com\/wp-content\/uploads\/2025\/03\/IMG_3402.png 1179w, https:\/\/a-jmotorsport.com\/wp-content\/uploads\/2025\/03\/IMG_3402-138x300.png 138w, https:\/\/a-jmotorsport.com\/wp-content\/uploads\/2025\/03\/IMG_3402-472x1024.png 472w\" sizes=\"auto, (max-width: 1179px) 100vw, 1179px\" \/><div class=\"wp-block-cover__inner-container is-layout-flow wp-block-cover-is-layout-flow\">\n<h3 class=\"wp-block-heading has-white-color has-text-color has-medium-font-size\" style=\"margin-top:0;margin-right:0;margin-bottom:0;margin-left:0\">Reprogrammation<\/h3>\n\n\n\n<p class=\"has-text-color has-link-color wp-elements-7f858dd5bfab45b96d96b4c86e078034\" style=\"color:#8b58c7;margin-top:0;margin-right:0;margin-bottom:0;margin-left:0\"><a href=\"https:\/\/a-jmotorsport.com\/?page_id=293\">En savoir plus \u2192<\/a><\/p>\n<\/div><\/div>\n<\/div>\n\n\n\n<div class=\"wp-block-column is-layout-flow wp-block-column-is-layout-flow\" style=\"padding-top:0;padding-right:0;padding-bottom:0;padding-left:0\">\n<div class=\"wp-block-cover has-custom-content-position is-position-bottom-left\" style=\"padding-top:var(--wp--preset--spacing--small);padding-right:var(--wp--preset--spacing--x-small);padding-bottom:var(--wp--preset--spacing--small);padding-left:var(--wp--preset--spacing--x-small)\"><span aria-hidden=\"true\" class=\"wp-block-cover__background has-primary-background-color has-background-dim-70 has-background-dim\"><\/span><img loading=\"lazy\" decoding=\"async\" width=\"1179\" height=\"2556\" class=\"wp-block-cover__image-background wp-image-292\" alt=\"\" src=\"https:\/\/a-jmotorsport.com\/wp-content\/uploads\/2025\/03\/IMG_3403.png\" data-object-fit=\"cover\" srcset=\"https:\/\/a-jmotorsport.com\/wp-content\/uploads\/2025\/03\/IMG_3403.png 1179w, https:\/\/a-jmotorsport.com\/wp-content\/uploads\/2025\/03\/IMG_3403-138x300.png 138w, https:\/\/a-jmotorsport.com\/wp-content\/uploads\/2025\/03\/IMG_3403-472x1024.png 472w\" sizes=\"auto, (max-width: 1179px) 100vw, 1179px\" \/><div class=\"wp-block-cover__inner-container is-layout-flow wp-block-cover-is-layout-flow\">\n<h3 class=\"wp-block-heading has-white-color has-text-color has-medium-font-size\" style=\"margin-top:0;margin-right:0;margin-bottom:0;margin-left:0;text-transform:none\">Nettoyage de FAP<\/h3>\n\n\n\n<p class=\"has-text-color has-link-color wp-elements-87513ad356b07d8ebdd7b7efc09445f3\" style=\"color:#8b58c7;margin-top:0;margin-right:0;margin-bottom:0;margin-left:0\"><a href=\"https:\/\/a-jmotorsport.com\/?page_id=296\">En savoir plus \u2192<\/a><\/p>\n<\/div><\/div>\n<\/div>\n\n\n\n<div class=\"wp-block-column is-layout-flow wp-block-column-is-layout-flow\" style=\"padding-top:0;padding-right:0;padding-bottom:0;padding-left:0\"><\/div>\n<\/div>\n\n\n\n<p class=\"has-text-align-center\"><em>Cette liste repr\u00e9sentent les services les plus demand\u00e9s, n&rsquo;h\u00e9sitez pas \u00e0 nous contacter pour toute demande !<\/em><\/p>\n\n\n\n<p><\/p>\n<\/div>\n\n\n\n<p><\/p>\n","protected":false},"excerpt":{"rendered":"<p>Cette liste repr\u00e9sentent les services les plus demand\u00e9s, n&rsquo;h\u00e9sitez pas \u00e0 nous contacter pour toute demande !<\/p>\n","protected":false},"author":1,"featured_media":0,"parent":0,"menu_order":0,"comment_status":"closed","ping_status":"closed","template":"","meta":{"footnotes":""},"class_list":["post-143","page","type-page","status-publish","hentry"],"featured_media_urls":[],"_links":{"self":[{"href":"https:\/\/a-jmotorsport.com\/index.php?rest_route=\/wp\/v2\/pages\/143","targetHints":{"allow":["GET"]}}],"collection":[{"href":"https:\/\/a-jmotorsport.com\/index.php?rest_route=\/wp\/v2\/pages"}],"about":[{"href":"https:\/\/a-jmotorsport.com\/index.php?rest_route=\/wp\/v2\/types\/page"}],"author":[{"embeddable":true,"href":"https:\/\/a-jmotorsport.com\/index.php?rest_route=\/wp\/v2\/users\/1"}],"replies":[{"embeddable":true,"href":"https:\/\/a-jmotorsport.com\/index.php?rest_route=%2Fwp%2Fv2%2Fcomments&post=143"}],"version-history":[{"count":7,"href":"https:\/\/a-jmotorsport.com\/index.php?rest_route=\/wp\/v2\/pages\/143\/revisions"}],"predecessor-version":[{"id":299,"href":"https:\/\/a-jmotorsport.com\/index.php?rest_route=\/wp\/v2\/pages\/143\/revisions\/299"}],"wp:attachment":[{"href":"https:\/\/a-jmotorsport.com\/index.php?rest_route=%2Fwp%2Fv2%2Fmedia&parent=143"}],"curies":[{"name":"wp","href":"https:\/\/api.w.org\/{rel}","templated":true}]}}